 is divided by g?
43
Let s(a) = -a**3 + 5*a**2 + a - 2. Let m be s(5). Suppose -m*j = -4*j + 13. Suppose 4 = r - j. Calculate the remainder when 82 is divided by r.
14
Suppose 2*r - 216 = -128. Calculate the remainder when r is divided by 18.
8
Let m = -121 + 192. What is the remainder when m is divided by 43?
28
Suppose 0 = -5*v + 5*f - 4*f + 225, 4*v = 5*f + 180. What is the remainder when v is divided by 45?
0
Suppose -5*i + 1075 = 5*r, -39 = -r + 3*i + 172. What is the remainder when r is divided by 24?
22
Suppose 4*m - u = 245, 260 = 10*m - 6*m + 4*u. Calculate the remainder when 369 is divided by m.
59
Let o be -54 + (-8)/20*-5. Let u = 74 + o. Calculate the remainder when 85 is divided by u.
19
Let a = -5 - -14. Let x = 9 - a. Let r(c) = c**2 + 12. What is the remainder when 35 is divided by r(x)?
11
Suppose -347 = -5*u - l, 268 = 5*u - u - 4*l. Let n(g) = -4*g**2 + 2*g + 2. Let k be n(-3). Let j = k + 64. Calculate the remainder when u is divided by j.
21
Let n be 28*3*(-25)/(-60). Suppose 2*b - 3*y = 10, -2*b = -7*b + 5*y + n. What is the remainder when 15 is divided by b?
4
Suppose 3*i + 5*b = 4*i + 14, 28 = 3*i - b. What is the remainder when 142 is divided by i?
10
Let r be 6/(-4)*(-100)/30. Suppose 0 = 5*p - 2*h - 565, 5*p + 0*p = -r*h + 600. What is the remainder when p is divided by 29?
28
Suppose -13*k + 10*k = 5*g - 633, 2*g - 270 = 3*k. What is the remainder when g is divided by 10?
9
What is the remainder when 86 is divided by 20/(-2) + 2 - -19?
9
Suppose -8*a - 39 + 247 = 0. Suppose 4*p + 2*u - 56 = 0, 5*p - 3*u - u = 70. Calculate the remainder when a is divided by p.
12
Let h = -85 - -365. What is the remainder when h is divided by 94?
92
Let l(o) = -2*o - 43. Let n be l(-23). Let t(u) = u**3 - u**2 - 3*u + 1. What is the remainder when t(n) is divided by 4?
2
Suppose -24*i = -21*i - 138. Let s = i + -27. Calculate the remainder when 68 is divided by s.
11
Suppose 0 = -5*w - 2*f - 81, 4*f = -3*w - 50 + 7. Let g be (-121)/w + (-14)/119. Suppose -g*l + 4*l = -24. Calculate the remainder when 21 is divided by l.
5
Suppose 4*i = -i + 5. Suppose -2*j + 71 = 3*c, -i - 3 = 4*c. Calculate the remainder when j is divided by 11.
4
Suppose -43*r = 291 - 1452. Calculate the remainder when r is divided by 24.
3
Suppose -2*n + 9 = 1. Suppose k - f - 3*f + 7 = 0, n*f = 8. Suppose -q = k - 10. What is the remainder when 26 is divided by q?
8
Let r(g) = 4 - 92*g**2 - 3 + 102*g**2. Suppose 0 = -2*s - 0*s + 12. What is the remainder when r(1) is divided by s?
5
Suppose v - 169 = -21*t + 16*t, -v = 2*t - 67. What is the remainder when t is divided by 9?
7
Let i be -8*(-3)/(-24)*6. Let v(h) = h**2 + 7*h + 9. Let p be v(i). Suppose p*y + 0*y - 147 = 0. What is the remainder when y is divided by 13?
10
Let j(d) = d**2 - d - 10. Let c(r) = -r**3 - r**2 - 2*r - 1. Let t be c(-1). Let q = t - -15. What is the remainder when j(9) is divided by q?
14
Let g(h) = -6*h - 35. What is the remainder when ((-12)/10)/((-30)/1000) is divided by g(-7)?
5
Let r = -650 + 791. What is the remainder when r is divided by 47?
0
Let t(v) be the second derivative of v**3/3 + 3*v**2/2 + 12*v. What is the remainder when t(7) is divided by 8?
1
Suppose 2*j + 3*n - 2170 = -184, -5*j + 2*n + 4927 = 0. What is the remainder when j is divided by 26?
25
Let x(m) = -4*m - 2. Suppose -2*l = -2*v - 29 - 17, -4*v - 96 = -2*l. Let y = v - -29. Calculate the remainder when x(-3) is divided by y.
2
Let x(a) = -16*a**2 - 49*a + 1. Calculate the remainder when 9 is divided by x(-3).
1
Suppose -2*x = -4*p + 34, 44 = 5*p + 3*x - 6*x. Suppose 1477*s = 1484*s - 231. What is the remainder when s is divided by p?
5
Suppose 5*l + 4*x - 26 = 2*l, -5*x = 4*l - 33. Calculate the remainder when (2/(-6))/((-140)/(-72) + -2) is divided by l.
0
Suppose -11*p = -4*p - 392. Calculate the remainder when 10 - (0 + 0 - 2) is divided by ((-16)/14)/((-16)/p).
0
Calculate the remainder when (22077/(-132))/(-2 - (-10)/8) is divided by 77.
69
Suppose -5*l = 98 - 1223. What is the remainder when l is divided by 76?
73
Let l = 125 + -95. What is the remainder when l is divided by 11?
8
Let x = 6 + -18. Let d = -8 - x. What is the remainder when 81 is divided by ((-6)/d)/((-2)/28)?
18
Let k = 6 + -2. Let g = -11 - k. Let q = g - -21. Calculate the remainder when 8 is divided by q.
2
What is the remainder when 210 is divided by -17 + 121 - -1*(3 + -2)?
0
Calculate the remainder when 35 is divided by ((-38)/(-361) + 566/38)/1.
5
Suppose -4*a + 3*a + 7 = 0. Calculate the remainder when 37 is divided by a.
2
Let f = -27 - -30. Suppose 38 = 2*j - f*c - c, -3*c + 4 = j. Calculate the remainder when j is divided by 4.
1
Let n = 3812 + -1321. Calculate the remainder when n is divided by 86.
83
Suppose -2*n - 39 + 59 = 0. What is the remainder when 14 is divided by n?
4
Let f(g) = -g**2 + 57*g - 528. What is the remainder when f(26) is divided by 26?
18
Let p = -59 + 102. Suppose 23 = 2*n + j, -5*j = 2*n - 0*j - 19. Calculate the remainder when p is divided by ((-928)/(-20))/4 + n/(-20).
10
Let m = 41 - 21. Suppose -m*k + 594 = 2*k. Suppose 5*y - 70 = -0*y. Calculate the remainder when k is divided by y.
13
Let m = -212 - -223. Calculate the remainder when 64 is divided by m.
9
What is the remainder when (-9)/((-90)/596)*5 is divided by 50?
48
Let u(t) = 11*t - 1. Let w = -11359 - -11372. What is the remainder when u(2) is divided by w?
8
What is the remainder when ((-15)/30)/(1/(-104)) is divided by 18?
16
Let u be (-5)/15 + (-4)/18*-15. Suppose -a - 2*a - 3*b + 102 = 0, -u*a - 2*b + 104 = 0. Calculate the remainder when a is divided by 20.
16
Let f = 78 + -54. What is the remainder when 46 is divided by f?
22
Let o(n) = -6*n + 59. Let j be o(9). Suppose -j*y + 249 = 14. What is the remainder when y is divided by 17?
13
Suppose a + 740 = -12*a + 1117. Let d(y) = 2*y**3 - y**2 + 4*y. Calculate the remainder when d(3) is divided by a.
28
Suppose 3*u + 3 = 0, -5*i = 2*u - 586 + 13. Let x be 21/(i/25 - 4). Suppose 0 = -5*m + x. Calculate the remainder when 18 is divided by m.
4
Suppose 5*a = -5*o + 40, 0*o + o = -5*a. Suppose -g + 11 = -o. Calculate the remainder when g is divided by (-31)/(-5) - (-5)/(-25).
3
Let f(y) = -y + 26. What is the remainder when (-12)/4 - (-106)/2 is divided by f(0)?
24
Suppose 42*d = 39*d - 45. Let l(f) = 14*f + 4. Let z be l(-7). Calculate the remainder when z/(-6) - (-10)/d is divided by 4.
3
Let m(u) = 3*u - 12. Let g be m(11). Let h = g - 17. Suppose -3*q - 68 = -5*r, -9*r + 4*q = -h*r - 64. Calculate the remainder when 29 is divided by r.
13
Suppose 2*z + 58 = r, 0 = 4*z - z + 2*r + 94. Let b = z - -35. Calculate the remainder when b is divided by 3.
2
Let z = 76 - 87. What is the remainder when (z/3)/(13/(-429)) is divided by 43?
35
Suppose -o + 30 = 3*j, -j + 0 = 4*o + 1. What is the remainder when 43 is divided by (2*j)/(24/24)?
21
Let j(p) = 8*p**2 - 7*p + 14. Calculate the remainder when j(9) is divided by 15.
14
Let q = -43 - -49. Suppose 0 = -l + 2*l - 29. Calculate the remainder when l is divided by q.
5
Suppose 4*y = 0, -4*i - 42 = -5*y - 170. What is the remainder when 59 is divided by i?
27
Let x = 1350 - 1327. Calculate the remainder when 88 is divided by x.
19
Suppose -36 = 7*d - 120. Calculate the remainder when (-7)/(-21)*(-1)/((-1)/d) is divided by 1.
0
Let m(w) = 7*w - 10. Let k(c) = -6*c + 10. Let f(j) = 2*k(j) + 3*m(j). Let l be 3 + (-2 - (-2 - 0)). Calculate the remainder when 48 is divided by f(l).
14
Suppose -34*d = -587 - 331. What is the remainder when 42 is divided by d?
15
Suppose -25*z = -19*z - 168. Calculate the remainder when 49 is divided by z.
21
Let r(s) = 7*s**2 + 3*s - 107. Calculate the remainder when r(-9) is divided by 62.
61
Suppose -f = 2*f - 12. Calculate the remainder when (-8)/10 + (-178)/(-10) is divided by ((-6)/f)/(1/(-6)).
8
Calculate the remainder when 230 is divided by ((-135)/3*1)/((-3)/4).
50
Suppose 7*k - 4 = 5*k, -4*k = -3*q + 22. Suppose -5*u = 5*n + 5, n - 4*u - 4 = -n. What is the remainder when 2/(-4)*(-54 + n) is divided by q?
7
Suppose -89 = -7*w - 19. Calculate the remainder when 965/w - (-2)/4 is divided by 25.
22
Let q = -89 - -73. Let c(p) = -p - 9. Suppose 0 = -5*j - 2*u + 10, u = 2*j - 13. What is the remainder when c(q